 prime factors of 168070?
2, 5, 7
List the prime factors of 54663.
3, 7, 19, 137
What are the prime factors of 3754000?
2, 5, 1877
What are the prime factors of 1055133?
3, 39079
List the prime factors of 4286746.
2, 37, 53, 1093
What are the prime factors of 246458?
2, 123229
What are the prime factors of 2646301?
7, 19, 101, 197
List the prime factors of 15074897.
31, 43, 263
List the prime factors of 63595.
5, 7, 23, 79
List the prime factors of 15594894.
2, 3, 7, 61, 2029
List the prime factors of 959775.
3, 5, 67, 191
List the prime factors of 716157.
3, 13, 6121
List the prime factors of 167722.
2, 17, 4933
List the prime factors of 29724022.
2, 47, 316213
List the prime factors of 428811.
3, 19, 7523
What are the prime factors of 1129087?
167, 6761
List the prime factors of 290230.
2, 5, 29023
What are the prime factors of 19446297?
3, 13, 47, 103
List the prime factors of 51453.
3, 5717
What are the prime factors of 1892860?
2, 5, 31, 43, 71
List the prime factors of 417883.
417883
List the prime factors of 7728832.
2, 120763
What are the prime factors of 23294694?
2, 3, 67, 57947
What are the prime factors of 1853401?
11, 168491
List the prime factors of 750207.
3, 113, 2213
List the prime factors of 407283.
3, 349, 389
What are the prime factors of 1639809?
3, 182201
What are the prime factors of 1493426?
2, 11, 67883
What are the prime factors of 289139?
289139
What are the prime factors of 7245516?
2, 3, 603793
List the prime factors of 51328.
2, 401
List the prime factors of 8341479.
3, 23, 59, 683
What are the prime factors of 3351015?
3, 5, 113, 659
List the prime factors of 271447.
11, 24677
What are the prime factors of 8731406?
2, 4365703
What are the prime factors of 67394?
2, 31, 1087
List the prime factors of 124388.
2, 11, 257
What are the prime factors of 344377?
11, 31307
What are the prime factors of 788514?
2, 3, 113, 1163
What are the prime factors of 348318?
2, 3, 37, 523
List the prime factors of 1791219.
3, 597073
What are the prime factors of 5367915?
3, 5, 7, 17041
What are the prime factors of 192705?
3, 5, 29, 443
List the prime factors of 145934.
2, 131, 557
What are the prime factors of 48218?
2, 24109
What are the prime factors of 57384?
2, 3, 797
List the prime factors of 14889283.
14889283
List the prime factors of 11920771.
19, 31, 37, 547
List the prime factors of 820155.
3, 5, 7, 73, 107
What are the prime factors of 931946?
2, 71, 6563
What are the prime factors of 276760?
2, 5, 11, 17, 37
List the prime factors of 5950649.
5950649
What are the prime factors of 29595?
3, 5, 1973
What are the prime factors of 13613595?
3, 5, 19, 37, 1291
List the prime factors of 322114.
2, 13, 953
What are the prime factors of 147369?
3, 49123
What are the prime factors of 532767?
3, 177589
List the prime factors of 997748.
2, 249437
What are the prime factors of 1546419?
3, 7, 211, 349
List the prime factors of 3307363.
29, 59, 1933
What are the prime factors of 140405?
5, 28081
List the prime factors of 6790584.
2, 3, 41, 67, 103
List the prime factors of 2527848.
2, 3, 47, 83
List the prime factors of 64285.
5, 13, 23, 43
What are the prime factors of 16213289?
19, 37, 23063
List the prime factors of 4189018.
2, 2094509
List the prime factors of 3551.
53, 67
What are the prime factors of 3655761?
3, 293, 4159
What are the prime factors of 354480?
2, 3, 5, 7, 211
What are the prime factors of 8351029?
17, 107, 4591
What are the prime factors of 150459?
3, 50153
List the prime factors of 2785431.
3, 11, 84407
What are the prime factors of 2001477?
3, 163, 4093
What are the prime factors of 529492?
2, 19, 6967
What are the prime factors of 31499275?
5, 41, 79, 389
List the prime factors of 1058890.
2, 5, 7, 2161
What are the prime factors of 338231?
338231
What are the prime factors of 728359?
47, 15497
What are the prime factors of 13862085?
3, 5, 924139
What are the prime factors of 112961?
37, 43, 71
What are the prime factors of 2646288?
2, 3, 17, 23, 47
List the prime factors of 144115.
5, 19, 37, 41
What are the prime factors of 1719193?
7, 17, 14447
What are the prime factors of 2012022?
2, 3, 111779
List the prime factors of 5137946.
2, 11, 47, 4969
List the prime factors of 264624.
2, 3, 37, 149
What are the prime factors of 7591174?
2, 3795587
List the prime factors of 152870.
2, 5, 15287
What are the prime factors of 73699?
73699
List the prime factors of 445227.
3, 19, 73, 107
What are the prime factors of 5364981?
3, 43, 4621
What are the prime factors of 3389189?
397, 8537
What are the prime factors of 135104?
2, 2111
List the prime factors of 298641.
3, 7, 14221
List the prime factors of 180906.
2, 3, 11, 2741
List the prime factors of 152508.
2, 3, 71, 179
What are the prime factors of 8667532?
2, 89, 97, 251
What are the prime factors of 833601?
3, 113, 2459
List the prime factors of 217196.
2, 7, 7757
List the prime factors of 18522752.
2, 144709
What are the prime factors of 19057?
17, 19, 59
List the prime factors of 323549.
323549
What are the prime factors of 464944?
2, 29059
List the prime factors of 15860498.
2, 59, 257, 523
What are the prime factors of 9141141?
3, 3047047
List the prime factors of 238346.
2, 119173
What are the prime factors of 692530?
2, 5, 23, 3011
List the prime factors of 278593.
7, 39799
What are the prime factors of 9608522?
2, 7, 11, 43, 1451
What are the prime factors of 64200?
2, 3, 5, 107
What are the prime factors of 231923?
231923
What are the prime factors of 2530120?
2, 5, 43, 1471
List the prime factors of 141045.
3, 5, 9403
List the prime factors of 14806030.
2, 5, 571, 2593
What are the prime factors of 24297?
3, 7, 13, 89
What are the prime factors of 1712171?
1712171
List the prime factors of 3925241.
191, 20551
What are the prime factors of 2601931?
2601931
List the prime factors of 224334.
2, 3, 11, 103
List the prime factors of 9697013.
79, 131, 937
What are the prime factors of 166580?
2, 5, 8329
List the prime factors of 4233522.
2, 3, 43, 61, 269
What are the prime factors of 202046?
2, 13, 19, 409
List the prime factors of 1231242.
2, 3, 17, 12071
List the prime factors of 316867.
43, 7369
List the prime factors of 2303342.
2, 1151671
List the prime factors of 1286994.
2, 3, 214499
What are the prime factors of 669603?
3, 11, 103, 197
List the prime factors of 2188832.
2, 73, 937
List the prime factors of 853451.
17, 61, 823
List the prime factors of 1043164.
2, 260791
List the prime factors of 794343.
3, 11, 24071
What are the prime factors of 6993146?
2, 311, 11243
List the prime factors of 1712276.
2, 29, 509
List the prime factors of 39014152.
2, 109, 44741
List the prime factors of 9343650.
2, 3, 5, 167, 373
List the prime factors of 323483.
61, 5303
List the prime factors of 10180829.
97, 103, 1019
What are the prime factors of 341940?
2, 3, 5, 41, 139
What are the prime factors of 9562752?
2, 3, 2767
What are the prime factors of 51696?
2, 3, 359
List the prime factors of 9235913.
17, 543289
What are the prime factors of 350066?
2, 101, 1733
List the prime factors of 58882.
2, 59, 499
List the prime factors of 1637766.
2, 3, 13, 2333
List the prime factors of 236013.
3, 151, 521
What are the prime factors of 889488?
2, 3, 29, 71
What are the prime factors of 1919201?
71, 27031
What are the prime factors of 1331533?
7, 223, 853
What are the prime factors of 1957506?
2, 3, 326251
List the prime factors of 7310590.
2, 5, 7, 181, 577
What are the prime factors of 166753?
17, 577
What are the prime factors of 3859790?
2, 5, 11, 35089
What are the prime factors of 582578?
2, 19, 15331
List the prime factors of 367856.
2, 83, 277
What are the prime factors of 596341?
596341
What are the prime factors of 3695767?
631, 5857
List the prime factors of 6194250.
2, 3, 5, 2753
What are the prime factors of 341050?
2, 5, 19, 359
List the prime factors of 110536.
2, 41, 337
What are the prime factors of 262138?
2, 53, 2473
What are the prime factors of 106145?
5, 13, 23, 71
What are the prime factors of 34820306?
2, 17410153
List the prime factors of 1218950.
2, 5, 24379
List the prime factors of 2567429.
61, 42089
What are the prime factors of 240593?
47, 5119
List the prime factors of 240105.
3, 5, 16007
List the prime factors of 32219.
11, 29, 101
Wha